 - -7. Let x(n) = 5*n**2 - n**3 + 0*n**2 - 2 + n - n**v. Let q be x(4). What is the highest common factor of q and 18?
2
Let q(v) = v**2 - 7*v - 7. Let x(p) = -5*p - 2. Let f be x(-2). Let d be q(f). Let l be (-43)/(-3) - d/3. What is the highest common divisor of l and 35?
7
Let c be -1 + 3 + -3 + 11. Calculate the highest common divisor of c and 110.
10
Suppose 7*b = 8*b - 13. Let o be 3/18 - 233/(-6). What is the greatest common divisor of o and b?
13
Let s(w) = 8*w - 4. Let o be s(5). Let m = 41 + o. Let x = -14 + m. What is the highest common factor of 7 and x?
7
Let r be (9 + -2)*(-3 - -8). What is the greatest common divisor of r and 7?
7
Suppose 21 = 5*a - 29. Calculate the greatest common factor of 70 and a.
10
Let x = -6 - -10. Suppose 2*o + 2*a + x = 0, -2*o - 5*a - 16 = -0*a. Calculate the greatest common factor of o and 14.
2
Let n be (0 + 0)*(-5)/5. Suppose n*w + u + 3 = w, -w = 2*u. Suppose -4*z + 26 = 2*a, 3*z + w*a - 9 = 4*a. What is the greatest common factor of 15 and z?
5
Suppose 5*c - 4*s - 154 = 0, 5*c - 3*s - 123 = c. Calculate the highest common divisor of 12 and c.
6
Suppose 12 = 2*o - 0. Let t be (5/(-1))/((-3)/o). Let l(f) = f**3 + 7*f**2 - 3*f + 4. Let d be l(-7). What is the highest common factor of t and d?
5
Let k(p) = -2*p**3 - 3*p**2 - 4. Let z be k(-3). What is the highest common factor of z and 23?
23
Let o = -3 + -1. Let d be (17/o)/((-3)/12). Let u = -5 + d. What is the greatest common factor of 8 and u?
4
Suppose 0*l + 4 = -4*l + 4*o, l + 5*o + 1 = 0. Let t = -1 + l. Let f be t*(-1)/(-4)*-34. What is the highest common factor of 68 and f?
17
Let w = 9 - 9. Suppose 2*o + 0*o - 72 = w. What is the highest common factor of 4 and o?
4
Let n(q) = q**3 + 8*q**2 + 6*q + 2. Suppose -3*u = -4*o - 19, 6*o + 3*u = 3*o - 30. Let d be n(o). Calculate the highest common factor of d and 3.
3
Let q = 81 - 58. What is the highest common factor of q and 92?
23
Suppose -2*k - 4*g + 18 = 0, 4*k - 14 + 0 = 3*g. Calculate the greatest common factor of k and 20.
5
Suppose -4*z = 5*j - 10, -3*z - 8*j = -3*j - 5. What is the greatest common factor of 15 and z?
5
Suppose 5*y - 479 = -4*x, y - 141 = 5*x - 22. Calculate the highest common factor of y and 11.
11
Let y(h) = h + 17. Let x(a) = a + 17. Let g(z) = 4*x(z) - 3*y(z). Let r be g(-13). What is the highest common divisor of 20 and r?
4
Suppose 5*p + 24 + 39 = 2*c, -3*c + 5*p + 102 = 0. Calculate the greatest common divisor of 39 and c.
39
Suppose d - 15 = -4*y, 25 = -0*d + 3*d + 2*y. Calculate the highest common factor of d and 28.
7
Suppose 0 = -3*s - 0*s. Suppose s = -3*d + 15 + 15. Calculate the highest common divisor of 2 and d.
2
Suppose 3*f - 3*p - 1068 = 0, 4*p - 1816 = -f - 4*f. Suppose 2*t + f = 5*t. Suppose 0*i - t = -i. What is the highest common factor of 15 and i?
15
Let d = 176 + -72. Calculate the greatest common factor of 13 and d.
13
Let m(j) = 3*j + 78. Let h be m(-16). Suppose -3*l = l - 180. Calculate the greatest common divisor of h and l.
15
Suppose -3*h - 29 = -5*s, 11 + 13 = 3*s - 4*h. Suppose 3*v - 64 = s*l, v + 48 = 5*v + 4*l. What is the greatest common divisor of 144 and v?
16
Suppose -4*x = -5*z - 2*x + 49, 37 = 5*z + 4*x. Let a be (-2)/(-4)*-5*-2. Let i be (2 - 1)/1 + a. Calculate the highest common divisor of z and i.
3
Suppose -z + 2*z = 5, -4*a = -4*z - 52. What is the highest common divisor of 36 and a?
18
Suppose 2*n + 42 = -0. Let v = n + 65. What is the highest common factor of 4 and v?
4
Suppose -4*r - 26 = -2*c, 4*c - 4*r - 37 = r. Suppose -h + 6 = 5*o, 0*h + 5*o + 99 = 4*h. What is the highest common divisor of h and c?
3
Suppose -19 = 4*c - 5*j - 175, 188 = 4*c + 3*j. Let q = 2 + 2. Calculate the greatest common factor of q and c.
4
Let z = 0 + -1. Let y be (z/2)/((-3)/48). Suppose 4*l - x = 341 + 11, 0 = 4*x. Calculate the greatest common factor of l and y.
8
Let n(a) = 23*a**2 - 1. Let v be n(-2). Let c(j) be the first derivative of j**3 + j + 2. Let p be c(-2). Calculate the highest common factor of v and p.
13
Let o(b) = b**3 + b - 1. Let j(k) = 7*k**3 - 8*k**2 + 15*k - 2. Let x(n) = j(n) - 6*o(n). Let l be x(7). Calculate the highest common factor of 18 and l.
18
Let b(m) be the second derivative of 1/6*m**3 + 1/20*m**5 + 0 - 3*m + 0*m**4 + 5*m**2. Let o be b(0). Calculate the greatest common factor of 2 and o.
2
Suppose -4*w + 16 = -0*w. Let n(k) = 0*k + 4*k - 5 + k. Let d be n(w). What is the greatest common divisor of d and 15?
15
Let w = 35 + -18. Let t be 3*(-2 + 1) + w. What is the greatest common divisor of 7 and t?
7
Let x = 11 - -6. What is the highest common factor of x and 17?
17
Let b(n) = -n**2 - 8*n - 4. Let m(w) = -1. Let i(f) = -b(f) + 3*m(f). Let c be i(-8). Let z be 5/((0 - -2)/2). What is the highest common factor of z and c?
1
Let z(d) = -d**2 + 8*d - 2. Suppose 3*y - 8*y + 45 = 0. Let s be z(y). Let v = 15 + s. Calculate the greatest common factor of 10 and v.
2
Let b = -87 - -142. Let m be (4/(-3))/((-8)/(-132)). Let z be (-5 + 8)*m/(-3). What is the highest common factor of b and z?
11
Suppose 0 = 2*c + c + 45. Let n = c + 30. Let b = -7 - -52. Calculate the highest common factor of b and n.
15
Let c be -1 - (0 + -1)*1. Let y(n) = 3*n**2 - 5*n - 8. Let z be y(5). Suppose c = 3*s - z + 6. Calculate the greatest common divisor of s and 132.
12
Suppose 4*p - p = 72. Let s(a) = -a**2 - 6*a - 2. Let g be s(-4). What is the greatest common divisor of p and g?
6
Suppose 17*a = 185 + 36. What is the greatest common factor of 39 and a?
13
Suppose -5*k + 20 = 0, 0 = 4*n - 2*k - k + 28. Let u be (n/10)/(2/(-180)). Calculate the greatest common divisor of u and 54.
18
Let s(v) = -v**3 - 3*v**2 + 2*v + 8. Let a be s(-4). Suppose b - 36 = -3*y, 0 = -6*y + 3*y - 12. What is the highest common divisor of a and b?
16
Let i be (56/6)/((-6)/(-18)). What is the greatest common factor of i and 4?
4
Suppose 3*u = 4*v - 104, 2*u = -2*v + 7*v - 130. Suppose -p + 50 + 28 = 0. Calculate the greatest common divisor of v and p.
26
Suppose 32*z - 1085 = 27*z. Calculate the greatest common divisor of 31 and z.
31
Suppose -3*m + 96 = -3*f, m - 4 = -f + 18. Calculate the greatest common divisor of 18 and m.
9
Let k(r) = -r**2 + 5*r + 4. Let d be k(3). Calculate the highest common divisor of d and 90.
10
Let g = 139 + -95. Let x(d) = -d**3 - 3*d**2 + 5*d + 1. Let k be x(-5). Suppose 5*h + 6 = k. What is the greatest common factor of g and h?
4
Suppose 8 = -5*u - 2. Let t be u + (1 - -51)/2. Suppose 0 = -3*c + 5*h + 12, -c - 4*h = -t + 3. What is the greatest common factor of c and 81?
9
Let j = 16 + -15. What is the highest common factor of 9 and j?
1
Let o(y) = -2*y**2 + 25*y + 23. Let d be o(13). Let q be 0 - (-1)/(1/70). Calculate the greatest common factor of d and q.
10
Let j = -15 + 21. Calculate the greatest common factor of j and 60.
6
Let m = -23 - -49. Suppose -2 = 5*b - 32. Suppose m = -b*r + 8*r. What is the greatest common divisor of 13 and r?
13
Let p be (-2)/3*(-27)/(-6). Let x be (-3)/(-9) - 32/p. Suppose -4*k - 37 = -6*k - 3*h, -4*h + 75 = 5*k. Calculate the greatest common divisor of k and x.
11
Let p be (-2 + 2)/(0 - -1). Suppose 54 = 3*y - p*y. Let l be (-8)/10*15/(-6). Calculate the greatest common factor of y and l.
2
Let q = 9 - -13. Calculate the greatest common divisor of 11 and q.
11
Suppose -p = -4, -c - c + 2*p = -10. Let v be (-1)/(1 + (-46)/47). Let g = v - -92. Calculate the greatest common factor of g and c.
9
Let j = 51 + -35. Calculate the greatest common factor of j and 8.
8
Let y(x) = -3*x + 9 - 2*x**2 + 0*x + 3*x**2 - 2*x. Let w be y(6). What is the greatest common factor of w and 105?
15
Let k be 25/(-15)*(-19 - -1). What is the highest common factor of 10 and k?
10
Let w = 64 - 45. Suppose -5*c + 64 = w. What is the highest common divisor of c and 36?
9
Let w = 1 - -1. Suppose 4*f = 4*c + 164, 6*f - w*c - 196 = f. Calculate the greatest common factor of 95 and f.
19
Let w be (5 + -1)*(-13)/(-4). Calculate the highest common factor of w and 13.
13
Suppose 0 = 5*u - 1504 + 199. What is the highest common factor of u and 29?
29
Suppose -8*s + 3*s + 46 = 3*v, 38 = 4*v + 2*s. What is the highest common factor of v and 1?
1
Suppose 4*o - 49 = 51. Let s = 16 + 34. Calculate the greatest common divisor of s